).
-1
Suppose 0*o - 3*o + 6 = 2*f, -2*f - 8 = -4*o. Let h(r) = -r**2 + 3 + o + 6*r + 2. Let y(q) = 2*q - 3. Let i be y(4). Give h(i).
12
Let z(d) = 4*d - 2. Let p(k) = -k**3 + k + 2. Let q = -10 - -9. Let n be p(q). Give z(n).
6
Let b(m) = 7*m + 3. Let w(z) = -7*z - 2. Let j be (2*-2)/((-1)/1). Suppose -p = -4*i - 23, -4*p + i = -j*i - 37. Let y(c) = p*b(c) + 4*w(c). What is y(1)?
-6
Let d be (4/(-6))/(2/(-30)). Suppose -15 = 5*g + d. Let f(o) be the first derivative of o**4/4 + 5*o**3/3 + 2*o - 90. Determine f(g).
2
Let x(o) = o - 13. Let n(l) = -l + 19. Let a(g) = 5*n(g) + 7*x(g). What is a(-3)?
-2
Let b be 4/24 + 3/(-18). Let r(j) = -j**3 - 6. Give r(b).
-6
Let w(y) = y**2 - 4*y - 20. Let x be w(7). Let n(f) = -f - 1. Calculate n(x).
-2
Suppose -5*n - 2*q + 3*q = 2, -4 = -2*q. Suppose 3*k + k = n. Let o = k - 1. Let y(t) = 3*t**2 + 1. Calculate y(o).
4
Let i(j) = -1. Let u(k) = k - 3. Let b(c) = 3*i(c) - u(c). What is b(-2)?
2
Let y(g) = 3*g**2 + g - 3*g**2 + 2*g**2 - 3*g**2 - 1. Let w = 1 + 1. Give y(w).
-3
Let h(v) = v**2 - v - 1. Let u be (16/20)/((-4)/(-10)). What is h(u)?
1
Let h(k) = k**3 - 2*k**2 + k. Let b(s) = s**3 + 3*s**2 + 3*s + 3. Let w be (-4)/(2*(2 - 1)). Let m be b(w). Calculate h(m).
0
Let y be (-48)/(-27) - 2/(-9). Let k(v) = -2*v**2 - 3 + 5*v**2 - 4*v**2 + 4*v. Calculate k(y).
1
Suppose 0 = 3*o + 2*d - 14, o - 2*d + 0 = 10. Let f(j) = j**3 - 7*j**2 + 5*j + 1. Let k be f(o). Let h be (3*k)/3*-1. Let l(i) = i - 1. Determine l(h).
4
Let j(h) = 2*h - 4. Suppose -i + 96 = 5*r, -5 = 4*i + 11. Suppose r = -4*l - l. What is j(l)?
-12
Let d(m) = -m**3 - 4*m**2 + 4*m + 5. Let n = 2 - 3. Let a = n + 3. Suppose 0*t = -4*t + 12, -a*k + 3*t - 19 = 0. Determine d(k).
10
Let j = -862 - -863. Let g(s) = -s. Let x(z) = 10*z. Let o(b) = -24*g(b) - 3*x(b). Determine o(j).
-6
Let v(m) = -6*m + 12*m - 6 - 7*m. Suppose 1 = x + 8. Determine v(x).
1
Let a(l) = 7*l**2 + l**3 + 6*l - 10*l**2 - 3*l. Let o = 10 - 4. Suppose -2*t = -o*v + v + 1, 0 = 2*t - v - 3. What is a(t)?
2
Let i(h) = 3*h - 27. Let c be i(12). Let g(u) = u - 13. Give g(c).
-4
Let p(g) = g. Suppose 0*c + 3*c = 9. Let o be p(c). Let w be (-2)/o*18/(-4). Let a(l) = l**2 - 2. What is a(w)?
7
Let o(d) = -5*d**3 - 14*d**2 + 17*d + 10. Let w(n) = 2*n**3 + 7*n**2 - 8*n - 5. Let j(v) = 3*o(v) + 7*w(v). What is j(6)?
1
Let l(b) = -3*b - 13. Let m(s) = -5*s - 19. Let j(g) = 8*l(g) - 5*m(g). Let y be j(10). Let p(z) = z - 2 - z**2 + 2 + 8*z**3. Give p(y).
8
Let y(t) = -t - 4. Let n be y(-9). Let o(w) = w**2 - 4*w - 3. Determine o(n).
2
Let m(j) be the third derivative of j**4/24 + j**3/2 - j**2. Let r be (42/6 + -7)/2. Calculate m(r).
3
Let i(b) be the third derivative of b**8/6720 + b**7/630 - b**5/24 - b**4/12 + 2*b**2. Let j(c) be the second derivative of i(c). Give j(-4).
-5
Let b(f) be the first derivative of f**3/3 - 11*f**2/2 + 7*f - 33. Determine b(10).
-3
Let g(c) = 0*c**2 + 5*c + 4*c**2 + c**2 + 13 + 2*c**3 - 12. Let v(m) = -m**3 + m**2 + m - 1. Let a = -1 - -2. Let k(w) = a*v(w) + g(w). Give k(-5).
-5
Let u(k) be the first derivative of 2*k**2 + 2*k + 2. Let r be ((-2)/(-4))/((-3)/12). Determine u(r).
-6
Let s(y) be the second derivative of y**7/840 + y**6/60 + y**5/20 - y**4/12 - y**3/3 - 2*y. Let a(f) be the second derivative of s(f). Determine a(-5).
-7
Let b(t) = t**3 - 11*t**2 - t + 13. Let r be b(11). Suppose 0 = 2*u + r*u - 8. Let k(d) = d**3 - 3*d**2 + d - 1. Determine k(u).
-3
Let i(u) be the first derivative of -u**3/3 - u**2 + 2*u + 34. Calculate i(-3).
-1
Let x(j) = 11*j + 2. Let t(a) = 5*a + 1. Let m(d) = -5*t(d) + 2*x(d). Calculate m(1).
-4
Let v(f) = 12*f - 36 - 12*f + 35 - 13*f**2. Suppose -3 = 3*i - 0, 4*i = k - 3. Determine v(k).
-14
Suppose -4*f = -4*a + 8*a - 8, -5*a + 2*f = -3. Let c = 0 + a. Let y(g) = 3*g**3 - 3*g**2 + c + 2*g**2 + 3*g**2 - 2*g. Determine y(1).
4
Let g(v) be the third derivative of -v**5/120 + 5*v**4/24 - v**3/2 + v**2. Let k(r) be the first derivative of g(r). Give k(4).
1
Let u(o) be the third derivative of -o**5/60 + 5*o**4/24 - o**3/6 + 13*o**2. Let s be 0*(-2 + 6/4). Let k = s - -5. Determine u(k).
-1
Let u(t) = -3*t - 2. Let y(f) = 2*f + 2. Let n(q) = 5*u(q) + 6*y(q). Let l(d) = -16*d + 11. Let z(s) = 2*l(s) - 11*n(s). Give z(-1).
-1
Let t(g) be the second derivative of -25*g**4/12 + 39*g. Determine t(-1).
-25
Let t(c) = c**3 + c**2 + 1. Let l(j) = j**3 - 2*j**2 + j - 4. Let a(m) = l(m) + 3*t(m). Calculate a(1).
5
Let o(b) = 4*b**2 + b - 4. Let r(n) = -5*n**2 - n + 5. Let v(g) = 3*o(g) + 2*r(g). Let s(a) = -a**2 - 2. Let m be s(0). Give v(m).
4
Let b(j) = -j**2 - 5*j + 5. Suppose -2*r = r + 3. Let t be (6/4)/(r/(-2)). Let p = -8 + t. Give b(p).
5
Suppose 20 = -3*l - 10. Let h(i) = -i**2 - 8*i + 10. Determine h(l).
-10
Let b(d) = 1 + d**2 + d**2 - d**2. Let o(p) = -4 - 5*p**2 + 7 - 5 - 4 - p. Let x(g) = 6*b(g) + o(g). Give x(0).
0
Let f(p) be the first derivative of p**2 + 2*p - 2. Let i(w) = -2*w + 10. Let l be i(7). Determine f(l).
-6
Let l be -1*(-2)/6*3. Let a(m) = 6*m**3 + m**2. What is a(l)?
7
Let t be 2*((-10)/4 + 2). Let h(b) = -8*b**3 - 2*b**2 + 1. Determine h(t).
7
Suppose 4*h + 5*g = -6, -4*h = -6*h + 2*g + 6. Let d(s) = -2*s**2 - s + 1. Determine d(h).
-2
Let o(u) = -u + 5. Let z be o(4). Let q(r) = -1 + 7*r - 5*r**3 - 5*r - 2*r**3. Determine q(z).
-6
Let q(l) = -5 + 0 + 3 - l. Let r(x) = -6*x + 0*x**2 + x**2 - x**2 + x**2 - 2. Let m be r(6). Give q(m).
0
Let a(q) be the third derivative of 0 + 1/120*q**6 + 1/10*q**5 + 0*q - 1/2*q**3 - 1/3*q**4 + 2*q**2. Give a(-7).
4
Suppose h - 3*h + 52 = 0. Suppose -2*q = -4*b + h, 2*q + 3 - 1 = 0. Let a(k) = -7*k + 2*k - k**3 - 7 + 3*k**2 + 4*k**2. Determine a(b).
-1
Suppose 3*r = 3 + 3. Let a(p) = 1. Let k(x) = 4*x - 4. Let b(u) = -3*a(u) - k(u). Give b(r).
-7
Let b(c) = -c**3 + 2*c**2 + 2*c + 3. Suppose 2*k + 14 = -4. Let s = -6 - k. Give b(s).
0
Let s(k) = -7*k**2 + 16*k - 14. Let q(j) = -11*j**2 + 24*j - 21. Let l(f) = 5*q(f) - 8*s(f). Determine l(7).
0
Suppose n - 6*n = -20. Let t(c) = 3*c**2 - n*c**2 + 6*c + 0*c**2 - 6. Give t(5).
-1
Let p(s) = -s**3 + 5*s**2. Let f be p(5). Let o(h) = 0 + f*h + h + 1. Let i(a) = a**2 - 6*a + 1. Let q be i(6). Determine o(q).
2
Let v = 16 + -16. Suppose v = -0*r + r + 4. Let o(l) = -l**3 - 3*l**2 + 7*l + 6. Give o(r).
-6
Let x(q) = -3*q - 1. Let a = 12 - 7. Let b = -7 + a. Calculate x(b).
5
Let q be (-1)/6 + 10/(-12). Suppose 0*o + 12 = 3*o. Let x(i) = 5*i**2 + 4*i - o*i. Give x(q).
5
Suppose 4*s + 2*m - 36 = -m, -2*s - 5*m + 18 = 0. Let a(r) = r**3 - 9*r**2 - r + 4. What is a(s)?
-5
Let b(r) = -2*r + 19. Let m(i) = 3*i - 29. Let p(s) = -8*b(s) - 5*m(s). Let d be (50/75)/((-7)/(-6) + -1). What is p(d)?
-3
Let p(r) = -2*r. Let y = 24 + -23. Calculate p(y).
-2
Let j(g) = -5*g**2 - 4*g**2 + 0*g**2 + g**3 + 5 - 3*g. Let n(r) = -r**3 + 8*r**2 + 3*r - 4. Let t be 12*(0 + (-1)/2). Let p(b) = t*n(b) - 5*j(b). Give p(4).
3
Let k be 8/(-20) + 12/5. Let w(z) = z**3 + 10*z**2 + 10*z + 11. Let f be w(-9). Let y(o) = -o + 0*o**2 - 2*o**f - 43*o**3 + 0*o**2 + 44*o**3 + 1. What is y(k)?
-1
Let f(w) = -w**3 + 6*w**2 - 5*w. Suppose -15 = -0*l - 3*l. Determine f(l).
0
Let u(b) = 4*b + 6. Let f(z) = -8*z - 9*z - 1 + 18*z. Let v(x) = 5*f(x) - u(x). What is v(5)?
-6
Let i(s) be the third derivative of s**5/30 + s**4/12 + s**3/2 - 16*s**2. What is i(-3)?
15
Let x(q) = 4*q - 2*q - 4 + q**3 - 4*q - 3*q**2 - q. What is x(3)?
-13
Suppose 3 + 0 = i + z, 2*i - 2*z - 6 = 0. Let u(c) = -c + 13. Let f(y) = -2*y + 32. Let h(b) = -5*f(b) + 12*u(b). Calculate h(i).
-10
Let b(a) = 8*a - 2. Let i = -8 - -10. What is b(i)?
14
Let a = 1 + -7. Let t(w) = 5*w + 2. Let d(s) = -6*s - 2. Let f(i) = a*d(i) - 7*t(i). Let k(y) = -y**3 - 1. Let z be k(-1). Determine f(z).
-2
Let m = -40 - -76. Let d(x) = -x**2 + 5*x**2 - x**3 + 3 - m*x + 41*x. What is d(5)?
3
Suppose 8*y = 4*y + 16. Suppose y*g - 16 = -4*s, -3*g - 4 + 1 = 0. Let a(m) = -4*m**2 + 0*m**3 + 2*m - 1 + 0 + 3*m**2 + s*m**3. Calculate a(1).
5
Let t(r) = 2*r**2 - 3*r - 3. Let g be (4/(-3))/(3/(-36)). Suppose h + g = 3*a + 6, 5*h + 28 = 4*a. Let u = 5 - a. What is t(u)?
6
Let a(t) = 2 - 204*t - 4*t**2 - t**3 - 5 + 5*t**2 + 203*t. Determine a(0).
-3
Let s(l) = 6*l**3 + 2*l**2 + 2*l + 1. Let f be s(-1). Let a(r) = r**3 + 5*r**2 + r + 3